{"id":1612,"date":"2017-08-21T23:39:12","date_gmt":"2017-08-21T22:39:12","guid":{"rendered":"http:\/\/capsurlextreme.com\/blog\/?page_id=1612"},"modified":"2017-08-21T23:40:39","modified_gmt":"2017-08-21T22:40:39","slug":"a-propos-cse","status":"publish","type":"page","link":"https:\/\/capsurlextreme.com\/blog\/?page_id=1612","title":{"rendered":"\u00c0 propos"},"content":{"rendered":"<p>[et_pb_section admin_label=\u00a0\u00bbsection\u00a0\u00bb][et_pb_row admin_label=\u00a0\u00bbrow\u00a0\u00bb][et_pb_column type=\u00a0\u00bb2_3&Prime;][et_pb_text admin_label=\u00a0\u00bbTexte\u00a0\u00bb background_layout=\u00a0\u00bblight\u00a0\u00bb text_orientation=\u00a0\u00bbleft\u00a0\u00bb use_border_color=\u00a0\u00bboff\u00a0\u00bb border_color=\u00a0\u00bb#ffffff\u00a0\u00bb border_style=\u00a0\u00bbsolid\u00a0\u00bb]<\/p>\n<p>Cap sur l\u2019extr\u00eame, c\u2019est avant tout un groupe d\u2019amis souhaitant partager son go\u00fbt pour l\u2019aventure hors des sentiers battus, le d\u00e9passement de soi et la d\u00e9couverte de nouveaux horizons et cultures.<\/p>\n<div>\u00c0 travers ce site, vous pourrez trouver des photos d\u2019une simple sortie en montagne \u00e0 Chamonix en \u00e9t\u00e9, une pr\u00e9sentation d\u2019une marche solidaire de 100 km dans les for\u00eats du Morvan ou encore tous les d\u00e9tails logistiques d\u2019une exp\u00e9dition en autonomie qu\u2019elle soit aux confins de l\u2019extr\u00eame Russie au Kamchatka ou dans l\u2019immense cha\u00eene de l\u2019Himalaya.<\/div>\n<div>\u00a0<\/div>\n<div>Pour retrouver toutes nos aventures, rendez-vous simplement sur\u00a0<a href=\"http:\/\/capsurlextreme.com\/\">capsurlextreme.com<\/a>\u00a0!<\/div>\n<p>[\/et_pb_text][\/et_pb_column][et_pb_column type=\u00a0\u00bb1_3&Prime;][\/et_pb_column][\/et_pb_row][\/et_pb_section]<\/p>\n","protected":false},"excerpt":{"rendered":"<p>[et_pb_section admin_label=\u00a0\u00bbsection\u00a0\u00bb][et_pb_row admin_label=\u00a0\u00bbrow\u00a0\u00bb][et_pb_column type=\u00a0\u00bb2_3&Prime;][et_pb_text admin_label=\u00a0\u00bbTexte\u00a0\u00bb background_layout=\u00a0\u00bblight\u00a0\u00bb text_orientation=\u00a0\u00bbleft\u00a0\u00bb use_border_color=\u00a0\u00bboff\u00a0\u00bb border_color=\u00a0\u00bb#ffffff\u00a0\u00bb border_style=\u00a0\u00bbsolid\u00a0\u00bb] Cap sur l\u2019extr\u00eame, c\u2019est avant tout un groupe d\u2019amis souhaitant partager son go\u00fbt pour l\u2019aventure hors des sentiers battus, le d\u00e9passement de soi et la d\u00e9couverte de nouveaux horizons et cultures. \u00c0 travers ce site, vous pourrez trouver des photos d\u2019une simple sortie en montagne [&hellip;]<\/p>\n","protected":false},"author":1,"featured_media":0,"parent":0,"menu_order":0,"comment_status":"closed","ping_status":"closed","template":"","meta":[],"_links":{"self":[{"href":"https:\/\/capsurlextreme.com\/blog\/index.php?rest_route=\/wp\/v2\/pages\/1612"}],"collection":[{"href":"https:\/\/capsurlextreme.com\/blog\/index.php?rest_route=\/wp\/v2\/pages"}],"about":[{"href":"https:\/\/capsurlextreme.com\/blog\/index.php?rest_route=\/wp\/v2\/types\/page"}],"author":[{"embeddable":true,"href":"https:\/\/capsurlextreme.com\/blog\/index.php?rest_route=\/wp\/v2\/users\/1"}],"replies":[{"embeddable":true,"href":"https:\/\/capsurlextreme.com\/blog\/index.php?rest_route=%2Fwp%2Fv2%2Fcomments&post=1612"}],"version-history":[{"count":2,"href":"https:\/\/capsurlextreme.com\/blog\/index.php?rest_route=\/wp\/v2\/pages\/1612\/revisions"}],"predecessor-version":[{"id":1616,"href":"https:\/\/capsurlextreme.com\/blog\/index.php?rest_route=\/wp\/v2\/pages\/1612\/revisions\/1616"}],"wp:attachment":[{"href":"https:\/\/capsurlextreme.com\/blog\/index.php?rest_route=%2Fwp%2Fv2%2Fmedia&parent=1612"}],"curies":[{"name":"wp","href":"https:\/\/api.w.org\/{rel}","templated":true}]}}