{"id":1561,"date":"2017-08-21T00:10:40","date_gmt":"2017-08-20T23:10:40","guid":{"rendered":"http:\/\/capsurlextreme.com\/blog\/?page_id=1561"},"modified":"2017-08-21T22:53:48","modified_gmt":"2017-08-21T21:53:48","slug":"trailwalker","status":"publish","type":"page","link":"https:\/\/capsurlextreme.com\/blog\/?page_id=1561","title":{"rendered":"Trailwalker"},"content":{"rendered":"<p>[et_pb_section admin_label=\u00a0\u00bbsection\u00a0\u00bb][et_pb_row admin_label=\u00a0\u00bbLigne\u00a0\u00bb][et_pb_column type=\u00a0\u00bb4_4&Prime;][et_pb_image admin_label=\u00a0\u00bbImage cover\u00a0\u00bb src=\u00a0\u00bbhttp:\/\/capsurlextreme.com\/blog\/wp-content\/uploads\/2017\/08\/FB_Cover-Picture-Oxfam_V3.jpg\u00a0\u00bb show_in_lightbox=\u00a0\u00bboff\u00a0\u00bb url_new_window=\u00a0\u00bboff\u00a0\u00bb use_overlay=\u00a0\u00bboff\u00a0\u00bb animation=\u00a0\u00bboff\u00a0\u00bb sticky=\u00a0\u00bboff\u00a0\u00bb align=\u00a0\u00bbcenter\u00a0\u00bb force_fullwidth=\u00a0\u00bboff\u00a0\u00bb always_center_on_mobile=\u00a0\u00bbon\u00a0\u00bb use_border_color=\u00a0\u00bboff\u00a0\u00bb border_color=\u00a0\u00bb#ffffff\u00a0\u00bb border_style=\u00a0\u00bbsolid\u00a0\u00bb] [\/et_pb_image][\/et_pb_column][\/et_pb_row][et_pb_row admin_label=\u00a0\u00bbLigne\u00a0\u00bb][et_pb_column type=\u00a0\u00bb2_3&Prime;][et_pb_text admin_label=\u00a0\u00bbTexte pr\u00e9sentation\u00a0\u00bb background_layout=\u00a0\u00bblight\u00a0\u00bb text_orientation=\u00a0\u00bbleft\u00a0\u00bb use_border_color=\u00a0\u00bboff\u00a0\u00bb border_color=\u00a0\u00bb#ffffff\u00a0\u00bb border_style=\u00a0\u00bbsolid\u00a0\u00bb]<\/p>\n<p class=\"paragraph_style_2\"><strong>Qui ?<\/strong><\/p>\n<p class=\"paragraph_style_2\"><span class=\"style\">Cap sur l\u2019Extr\u00eame<\/span>\u00a0se lance dans un nouveau d\u00e9fi\u00a0 \u00e0 la fois\u00a0<span class=\"style_1\">sportif<\/span>\u00a0et\u00a0<span class=\"style_1\">solidaire<\/span>\u00a0en \u00e9quipe de 4 compos\u00e9e de Marianne, Thomas, Thibaut et Edwyn\u00a0 pour Soutenir Oxfam France, une association de solidarit\u00e9 internationale qui agit sur les causes de la\u00a0<span class=\"style_1\">pauvret\u00e9<\/span>\u00a0et des\u00a0<span class=\"style_1\">injustices<\/span>\u00a0\u00e0 travers un r\u00e9seau de 17 ONG qui ensemble agissent dans plus de 90 pays. Pour en savoir plus, n\u2019h\u00e9sitez pas \u00e0 vous rendre sur le site officiel de l\u2019association :\u00a0<a title=\"http:\/\/www.oxfam.org\/fr\" href=\"http:\/\/www.oxfam.org\/fr\">www.oxfam.org\/fr<\/a><\/p>\n<p class=\"paragraph_style_2\"><strong>Quoi ?<\/strong><\/p>\n<p class=\"paragraph_style_4\">Le Trailwalker Oxfam est un d\u00e9fi\u00a0<span class=\"style_2\">sportif<\/span>\u00a0et\u00a0<span class=\"style_1\">solidaire<\/span>\u00a0o\u00f9 des \u00e9quipes de 4 personnes parcourent 100 km en moins de 30 heures et collectent des fonds visant \u00e0 soutenir les actions men\u00e9es par Oxfam France.<\/p>\n<p class=\"paragraph_style_2\"><strong>Quand\u00a0?<\/strong><\/p>\n<p class=\"paragraph_style_4\">En 2013, le TRAILWALKER d\u2019Oxfam se d\u00e9roule du\u00a0<span class=\"style_1\">samedi 25 au dimanche 26 mai\u00a0<\/span>\u00e0 partir de 7h00.<\/p>\n<p class=\"paragraph_style_2\"><strong>O\u00f9<span class=\"style_3\">\u00a0<\/span>?<\/strong><\/p>\n<p class=\"paragraph_style_4\">Pour cette nouvelle \u00e9dition, les participants partiront \u00e0 la conqu\u00eate du\u00a0<span class=\"style_1\">Parc naturel r\u00e9gional du Morvan<\/span>\u00a0pour une aventure de 100km en plein coeur de la bourgogne pour 4 820m de d\u00e9nivel\u00e9 cumul\u00e9.<\/p>\n<p>[\/et_pb_text][\/et_pb_column][et_pb_column type=\u00a0\u00bb1_3&Prime;][et_pb_image admin_label=\u00a0\u00bbImage parcours\u00a0\u00bb src=\u00a0\u00bbhttp:\/\/capsurlextreme.com\/blog\/wp-content\/uploads\/2017\/08\/Parcours-Oxfam.jpg\u00a0\u00bb show_in_lightbox=\u00a0\u00bboff\u00a0\u00bb url_new_window=\u00a0\u00bboff\u00a0\u00bb use_overlay=\u00a0\u00bboff\u00a0\u00bb animation=\u00a0\u00bboff\u00a0\u00bb sticky=\u00a0\u00bboff\u00a0\u00bb align=\u00a0\u00bbcenter\u00a0\u00bb force_fullwidth=\u00a0\u00bboff\u00a0\u00bb always_center_on_mobile=\u00a0\u00bbon\u00a0\u00bb use_border_color=\u00a0\u00bboff\u00a0\u00bb border_color=\u00a0\u00bb#ffffff\u00a0\u00bb border_style=\u00a0\u00bbsolid\u00a0\u00bb] [\/et_pb_image][\/et_pb_column][\/et_pb_row][et_pb_row admin_label=\u00a0\u00bbrow\u00a0\u00bb][et_pb_column type=\u00a0\u00bb4_4&Prime;][et_pb_text admin_label=\u00a0\u00bbTexte projet\u00a0\u00bb background_layout=\u00a0\u00bblight\u00a0\u00bb text_orientation=\u00a0\u00bbleft\u00a0\u00bb use_border_color=\u00a0\u00bboff\u00a0\u00bb border_color=\u00a0\u00bb#ffffff\u00a0\u00bb border_style=\u00a0\u00bbsolid\u00a0\u00bb]<\/p>\n<p><strong>Comment nous soutenir ?<\/strong><\/p>\n<p>Au-del\u00e0 de la dimension sportive, ce projet est \u00e9galement une\u00a0<strong><span class=\"style_1\">aventure humaine<\/span><\/strong>\u00a0qui permet de soutenir les actions solidaires. En s\u2019inscrivant \u00e0 ce trail, nous nous engageons \u00e0 r\u00e9colter\u00a0<span class=\"style_1\">au minimum <strong>1 500 \u20ac de dons<\/strong>\u00a0<\/span>pour Oxfam France et nous avons besoin de vous !<\/p>\n<p class=\"paragraph_style_2\"><strong>1\/ Parlez de notre projet :<\/strong><\/p>\n<p class=\"paragraph_style_3\">Parlez de notre projet autour de vous \u00e0 vos proches, amis, coll\u00e8gues, voisins pour faire conna\u00eetre les actions d\u2019Oxfam France et nous aider \u00e0 les soutenir. Vous pouvez \u00e9galement vous rendre sur notre page de collecte et cliquer sur les boutons de partage : <a href=\"http:\/\/oxfamtrailwalkerfrance2013.alvarum.com\/capsurlextreme\">suivez ce lien<\/a> !<\/p>\n<p class=\"paragraph_style_3\"><a href=\"http:\/\/capsurlextreme.com\/blog\/wp-content\/uploads\/2017\/08\/social-alvarum.jpg\"><img loading=\"lazy\" class=\"alignnone size-medium wp-image-1567\" src=\"http:\/\/capsurlextreme.com\/blog\/wp-content\/uploads\/2017\/08\/social-alvarum-300x33.jpg\" alt=\"\" width=\"300\" height=\"33\" \/><\/a><\/p>\n<p class=\"paragraph_style_3\">Quelques clics qui ne co\u00fbtent rien mais qui nous permettent d\u2019avoir plus de visibilit\u00e9 et ainsi d\u2019atteindre notre objectif de collecte de\u00a0<span class=\"style_1\">1 500 \u20ac minimum.\u00a0<br \/>\n <\/span><\/p>\n<p class=\"paragraph_style_3\">Et si en plus vous faites un don, c\u2019est encore mieux \ud83d\ude42<\/p>\n<p class=\"paragraph_style_2\"><strong>2\/ Faites un don : c\u2019est\u00a0<span class=\"style_4\">vraiment<\/span>,\u00a0<span class=\"style_4\">vraiment<\/span>\u00a0tr\u00e8s simple&#8230;<\/strong><\/p>\n<ol>\n<li class=\"paragraph_style_4\">Rendez-vous sur notre page de collecte Oxfam en cliquant sur \u00ab Faire un don \u00bb<\/li>\n<li class=\"paragraph_style_4\">Choisissez le montant de votre don<\/li>\n<li class=\"paragraph_style_7\">Faites votre don ! Y\u2019a pas plus simple&#8230;<\/li>\n<\/ol>\n<p class=\"paragraph_style_5\">&#8230; et en plus de nuire gravement \u00e0 la pauvret\u00e9, c\u2019est\u00a0<span class=\"style_4\">avantageux<\/span>\u00a0!<\/p>\n<p class=\"paragraph_style_4\">Votre don vous ouvre le droit \u00e0 une\u00a0<span class=\"style_1\">r\u00e9duction d\u2019imp\u00f4t sur le revenu\u00a0<\/span>et peut ainsi \u00eatre d\u00e9duit \u00e0 66% ! Par exemple, un don de 50 \u20ac vous reviendra uniquement \u00e0 17 \u20ac apr\u00e8s r\u00e9duction d\u2019imp\u00f4t ! Vous recevrez toutes les informations par email automatiquement apr\u00e8s votre don, alors plus de raison pour attendre !<\/p>\n<p class=\"paragraph_style_2\"><strong>3\/ Devenir sponsor :<\/strong><\/p>\n<p class=\"paragraph_style_4\">Vous repr\u00e9sentez une entreprise et souhaitez nous soutenir dans ce projet : logistique, mat\u00e9riel, don&#8230; Envoyez-nous un email pour prendre contact avec nous \ud83d\ude42\u00a0<a title=\"mailto:capsurlextreme@gmail.com\" href=\"mailto:capsurlextreme@gmail.com\">capsurlextreme@gmail.com<\/a><\/p>\n<p class=\"paragraph_style_3\"><strong>Pr\u00e9sentation de l&rsquo;\u00e9quipe :\u00a0<\/strong><\/p>\n<p class=\"paragraph_style_3\">[\/et_pb_text][et_pb_gallery admin_label=\u00a0\u00bbGalerie \u00e9quipe\u00a0\u00bb gallery_ids=\u00a0\u00bb1570,1571,1572,1573&Prime; fullwidth=\u00a0\u00bboff\u00a0\u00bb show_title_and_caption=\u00a0\u00bboff\u00a0\u00bb show_pagination=\u00a0\u00bboff\u00a0\u00bb background_layout=\u00a0\u00bblight\u00a0\u00bb auto=\u00a0\u00bboff\u00a0\u00bb hover_overlay_color=\u00a0\u00bbrgba(255,255,255,0.9)\u00a0\u00bb caption_all_caps=\u00a0\u00bboff\u00a0\u00bb use_border_color=\u00a0\u00bboff\u00a0\u00bb border_color=\u00a0\u00bb#ffffff\u00a0\u00bb border_style=\u00a0\u00bbsolid\u00a0\u00bb] [\/et_pb_gallery][\/et_pb_column][\/et_pb_row][et_pb_row admin_label=\u00a0\u00bbLigne\u00a0\u00bb][et_pb_column type=\u00a0\u00bb4_4&Prime;][et_pb_text admin_label=\u00a0\u00bbTexte photos\u00a0\u00bb background_layout=\u00a0\u00bblight\u00a0\u00bb text_orientation=\u00a0\u00bbleft\u00a0\u00bb use_border_color=\u00a0\u00bboff\u00a0\u00bb border_color=\u00a0\u00bb#ffffff\u00a0\u00bb border_style=\u00a0\u00bbsolid\u00a0\u00bb]<\/p>\n<p><strong>Voici les images de cette course m\u00e9morable !<\/strong><\/p>\n<p class=\"paragraph_style_3\">\u00a0<\/p>\n<p class=\"paragraph_style_3\">[\/et_pb_text][et_pb_code admin_label=\u00a0\u00bbCode\u00a0\u00bb]<!-- Flickr Justified Gallery Wordpress Plugin by Miro Mannino -->\n<div id=\"flickrGal0\" class=\"justified-gallery\" ><a href=\"https:\/\/live.staticflickr.com\/4398\/35912542193_aee28a717f_b.jpg\" rel=\"flickrGal0\" title=\"Oxfam Trailwalker\"><img alt=\"Oxfam Trailwalker\" src=\"https:\/\/farm5.static.flickr.com\/4398\/35912542193_aee28a717f_m.jpg\" data-safe-src=\"https:\/\/farm5.static.flickr.com\/4398\/35912542193_aee28a717f_m.jpg\" \/><\/a><a href=\"https:\/\/live.staticflickr.com\/4370\/36552039332_3560ac543c_b.jpg\" rel=\"flickrGal0\" title=\"Oxfam Trailwalker\"><img alt=\"Oxfam Trailwalker\" src=\"https:\/\/farm5.static.flickr.com\/4370\/36552039332_3560ac543c_m.jpg\" data-safe-src=\"https:\/\/farm5.static.flickr.com\/4370\/36552039332_3560ac543c_m.jpg\" \/><\/a><a href=\"https:\/\/live.staticflickr.com\/4383\/36326484290_1911c5be77_b.jpg\" rel=\"flickrGal0\" title=\"Oxfam Trailwalker\"><img alt=\"Oxfam Trailwalker\" src=\"https:\/\/farm5.static.flickr.com\/4383\/36326484290_1911c5be77_m.jpg\" data-safe-src=\"https:\/\/farm5.static.flickr.com\/4383\/36326484290_1911c5be77_m.jpg\" \/><\/a><a href=\"https:\/\/live.staticflickr.com\/4336\/36326482230_3a3cbfe2d1_b.jpg\" rel=\"flickrGal0\" title=\"Oxfam Trailwalker\"><img alt=\"Oxfam Trailwalker\" src=\"https:\/\/farm5.static.flickr.com\/4336\/36326482230_3a3cbfe2d1_m.jpg\" data-safe-src=\"https:\/\/farm5.static.flickr.com\/4336\/36326482230_3a3cbfe2d1_m.jpg\" \/><\/a><a href=\"https:\/\/live.staticflickr.com\/4354\/36326481260_b4600d3d92_b.jpg\" rel=\"flickrGal0\" title=\"Oxfam Trailwalker\"><img alt=\"Oxfam Trailwalker\" src=\"https:\/\/farm5.static.flickr.com\/4354\/36326481260_b4600d3d92_m.jpg\" data-safe-src=\"https:\/\/farm5.static.flickr.com\/4354\/36326481260_b4600d3d92_m.jpg\" \/><\/a><a href=\"https:\/\/live.staticflickr.com\/4331\/35912772023_a4d12313b5_b.jpg\" rel=\"flickrGal0\" title=\"Oxfam Trailwalker\"><img alt=\"Oxfam Trailwalker\" src=\"https:\/\/farm5.static.flickr.com\/4331\/35912772023_a4d12313b5_m.jpg\" data-safe-src=\"https:\/\/farm5.static.flickr.com\/4331\/35912772023_a4d12313b5_m.jpg\" \/><\/a><a href=\"https:\/\/live.staticflickr.com\/4374\/36675624526_14822afc6c_b.jpg\" rel=\"flickrGal0\" title=\"Oxfam Trailwalker\"><img alt=\"Oxfam Trailwalker\" src=\"https:\/\/farm5.static.flickr.com\/4374\/36675624526_14822afc6c_m.jpg\" data-safe-src=\"https:\/\/farm5.static.flickr.com\/4374\/36675624526_14822afc6c_m.jpg\" \/><\/a><a href=\"https:\/\/live.staticflickr.com\/4392\/35912737553_128a38e90b_b.jpg\" rel=\"flickrGal0\" title=\"Oxfam Trailwalker\"><img alt=\"Oxfam Trailwalker\" src=\"https:\/\/farm5.static.flickr.com\/4392\/35912737553_128a38e90b_m.jpg\" data-safe-src=\"https:\/\/farm5.static.flickr.com\/4392\/35912737553_128a38e90b_m.jpg\" \/><\/a><a href=\"https:\/\/live.staticflickr.com\/4354\/35887138074_da490c5d3b_b.jpg\" rel=\"flickrGal0\" title=\"Oxfam Trailwalker\"><img alt=\"Oxfam Trailwalker\" src=\"https:\/\/farm5.static.flickr.com\/4354\/35887138074_da490c5d3b_m.jpg\" data-safe-src=\"https:\/\/farm5.static.flickr.com\/4354\/35887138074_da490c5d3b_m.jpg\" \/><\/a><\/div><script type=\"text\/javascript\">function fjgwppInit_flickrGal0() { \n\t\t\t\tjQuery(\"#flickrGal0\").on('jg.complete', function() {\n\t\t\t\t\tjQuery(\"#flickrGal0\").find(\"> a\").swipebox();\n\t\t\t\t}).justifiedGallery({'lastRow': 'justify', 'rowHeight':120, 'fixedHeight':false, 'captions':false, 'randomize':false, 'margins':1, 'sizeRangeSuffixes': { \n\t\t\t \t\t\t'lt100':'_t', 'lt240':'_m', 'lt320':'_n',\n\t\t\t\t\t\t'lt500':'', 'lt640':'_z','lt1024':'_b'}});}if (typeof fjgwpp_galleriesInit_functions === \"undefined\") fjgwpp_galleriesInit_functions = [];fjgwpp_galleriesInit_functions.push(fjgwppInit_flickrGal0);<\/script>[\/et_pb_code][\/et_pb_column][\/et_pb_row][\/et_pb_section]<\/p>\n","protected":false},"excerpt":{"rendered":"<p>[et_pb_section admin_label=\u00a0\u00bbsection\u00a0\u00bb][et_pb_row admin_label=\u00a0\u00bbLigne\u00a0\u00bb][et_pb_column type=\u00a0\u00bb4_4&Prime;][et_pb_image admin_label=\u00a0\u00bbImage cover\u00a0\u00bb src=\u00a0\u00bbhttp:\/\/capsurlextreme.com\/blog\/wp-content\/uploads\/2017\/08\/FB_Cover-Picture-Oxfam_V3.jpg\u00a0\u00bb show_in_lightbox=\u00a0\u00bboff\u00a0\u00bb url_new_window=\u00a0\u00bboff\u00a0\u00bb use_overlay=\u00a0\u00bboff\u00a0\u00bb animation=\u00a0\u00bboff\u00a0\u00bb sticky=\u00a0\u00bboff\u00a0\u00bb align=\u00a0\u00bbcenter\u00a0\u00bb force_fullwidth=\u00a0\u00bboff\u00a0\u00bb always_center_on_mobile=\u00a0\u00bbon\u00a0\u00bb use_border_color=\u00a0\u00bboff\u00a0\u00bb border_color=\u00a0\u00bb#ffffff\u00a0\u00bb border_style=\u00a0\u00bbsolid\u00a0\u00bb] [\/et_pb_image][\/et_pb_column][\/et_pb_row][et_pb_row admin_label=\u00a0\u00bbLigne\u00a0\u00bb][et_pb_column type=\u00a0\u00bb2_3&Prime;][et_pb_text admin_label=\u00a0\u00bbTexte pr\u00e9sentation\u00a0\u00bb background_layout=\u00a0\u00bblight\u00a0\u00bb text_orientation=\u00a0\u00bbleft\u00a0\u00bb use_border_color=\u00a0\u00bboff\u00a0\u00bb border_color=\u00a0\u00bb#ffffff\u00a0\u00bb border_style=\u00a0\u00bbsolid\u00a0\u00bb] Qui ? Cap sur l\u2019Extr\u00eame\u00a0se lance dans un nouveau d\u00e9fi\u00a0 \u00e0 la fois\u00a0sportif\u00a0et\u00a0solidaire\u00a0en \u00e9quipe de 4 compos\u00e9e de Marianne, Thomas, Thibaut et Edwyn\u00a0 pour Soutenir Oxfam France, [&hellip;]<\/p>\n","protected":false},"author":1,"featured_media":0,"parent":1520,"menu_order":2,"comment_status":"closed","ping_status":"closed","template":"","meta":[],"_links":{"self":[{"href":"https:\/\/capsurlextreme.com\/blog\/index.php?rest_route=\/wp\/v2\/pages\/1561"}],"collection":[{"href":"https:\/\/capsurlextreme.com\/blog\/index.php?rest_route=\/wp\/v2\/pages"}],"about":[{"href":"https:\/\/capsurlextreme.com\/blog\/index.php?rest_route=\/wp\/v2\/types\/page"}],"author":[{"embeddable":true,"href":"https:\/\/capsurlextreme.com\/blog\/index.php?rest_route=\/wp\/v2\/users\/1"}],"replies":[{"embeddable":true,"href":"https:\/\/capsurlextreme.com\/blog\/index.php?rest_route=%2Fwp%2Fv2%2Fcomments&post=1561"}],"version-history":[{"count":10,"href":"https:\/\/capsurlextreme.com\/blog\/index.php?rest_route=\/wp\/v2\/pages\/1561\/revisions"}],"predecessor-version":[{"id":1586,"href":"https:\/\/capsurlextreme.com\/blog\/index.php?rest_route=\/wp\/v2\/pages\/1561\/revisions\/1586"}],"up":[{"embeddable":true,"href":"https:\/\/capsurlextreme.com\/blog\/index.php?rest_route=\/wp\/v2\/pages\/1520"}],"wp:attachment":[{"href":"https:\/\/capsurlextreme.com\/blog\/index.php?rest_route=%2Fwp%2Fv2%2Fmedia&parent=1561"}],"curies":[{"name":"wp","href":"https:\/\/api.w.org\/{rel}","templated":true}]}}